 4*t + 2. Suppose -5*p - 224 = -21*p. Suppose -q - p = -11. Let h be (-56)/28 + (-1)/(-1) + q. What is a(h)?
2
Let z = -63 + 64. Let g(h) = 53*h - 2 - z - 54*h - 2. Let a(u) = u**2 + 5*u + 1. Let t be a(-2). Calculate g(t).
0
Let h(d) be the first derivative of -d**4/4 + 5*d**3/3 - 3*d**2/2 + 6*d - 493. Let m be (-14)/4*8/(-7). Let j = m - 0. Give h(j).
10
Let y(a) = 8*a**2 + a**3 - 10 + 0 - 2*a + 8*a**2. Let g be y(-16). Let m = 23 - g. Let v(t) = -t**3 - t**2 + 1. Calculate v(m).
-1
Let r(p) be the second derivative of p**6/120 + p**5/10 - p**4/24 - 7*p**3/6 - 17*p**2 + 24*p. Let f(l) be the first derivative of r(l). Calculate f(-6).
-1
Let v(j) be the first derivative of j**4/4 + j**3 + 18*j + 4844. Give v(-4).
2
Let q(n) = n**2 - 65*n + 9. Let k(h) = -h**2 + 72*h - 10. Let y(g) = -8*k(g) - 9*q(g). Give y(4).
19
Let t(u) = u**2 + 5 + 0*u**2 + 2*u**3 + 2*u + 3 - 7. Let p = -1059 + 1058. Give t(p).
-2
Suppose 0 = 48*o - 42*o + 48. Let k be 28/o - (-12)/(-8). Let y(b) = b - 6. Determine y(k).
-11
Let i(r) = -2*r**2 + 2*r - 2. Suppose -2*z = -5*a + 2*z + 150, -4*a + 120 = 4*z. Suppose 0*w + 5*w = 5*j - a, -w - 18 = -5*j. Calculate i(j).
-14
Let j(x) = 12 + 48*x + 19*x + 37*x + 10 - 8 - 7*x**2. Give j(15).
-1
Let z be 10 - 55/10*2. Let x(g) = -11*g**2 + 6*g + 6. Calculate x(z).
-11
Let h(s) = 2*s + 16. Suppose -3*q + 0*q - 410 = -5*b, 3*q = 2*b - 155. Suppose b - 53 = -4*z. What is h(z)?
0
Let w(b) = b + 1. Let j(c) = -25*c + 6*c**2 + 8 - c**2 - 7*c**2. Let i(o) = 2*o**2 + 25*o + 37. Let s be i(-10). Let r be j(s). Determine w(r).
-4
Let n = 22161 + -22162. Let h(s) = 19*s + 7. What is h(n)?
-12
Let u(x) = -78*x**2 + 3*x**3 - 2*x**3 - 6 + 84*x**2 + 0*x**3. Let s = -994 - -988. Calculate u(s).
-6
Let k = -635 + 628. Let d(w) = 0 + w**2 + 6*w + 3 - 5. Calculate d(k).
5
Let q(w) = -8 + 13*w + 1 - 10. Let u be -1*2/9 + 304/(-171). Let o(c) = -3*c + 4. Let b(y) = u*q(y) - 9*o(y). Calculate b(2).
0
Let b be (525/(-1155))/(3/(-11)). Let d(v) be the first derivative of -12 + 5*v - b*v**3 + 1/2*v**2 + 1/4*v**4. What is d(4)?
-7
Let p(x) = -2*x**2 - 9*x + 11. Let j(m) = -m**2 - 4*m + 5. Let y(z) = 13*j(z) - 6*p(z). Let d(l) = -l**3 - 105*l**2 + 215*l + 109. Let t be d(-107). Give y(t).
-1
Let c = 766 - 758. Let p(z) = -z + 1. Let a be p(-1). Suppose c*l + a = -14. Let b(m) = m**3 + m**2 + m. What is b(l)?
-6
Suppose -4*l - l - 55 = 0. Let k(b) = -11*b**3 - 23*b - 17*b**2 - 4 + 10*b**3 - 4 + 4*b**2. Let p be k(l). Let m(o) = -o**3 + 3*o**2 - 3*o. Calculate m(p).
-9
Let y(v) be the second derivative of 0 + 7/2*v**2 - 22*v + 2/3*v**3 + 1/2*v**4 + 1/20*v**5. What is y(-5)?
12
Let r = -40 + 29. Let v(g) = g**2 + 13*g + 25. Let w be v(r). Let o(u) = w*u - 4*u - 6*u**2 + 7*u**2 - 1. What is o(-1)?
1
Let x(c) be the second derivative of -44*c - 2/3*c**4 + 0 + 1/6*c**3 + c**2. Give x(2).
-28
Let y(a) = -3*a + 6. Suppose 45*i + 15 = 48*i. Let m be 4/(-12) - (-20)/6. Suppose -i*o - 2*q + 33 = 0, -m*q - 8 = -3*o - o. Calculate y(o).
-9
Let u(a) = 43*a**2 + 4*a + 4. Let v(c) = 2*c**2 - c - 1. Let o(x) = -u(x) - 6*v(x). Give o(-1).
-55
Let w be 62/10 + 3/(-15). Let t(m) be the third derivative of m**6/120 - 7*m**5/60 + m**4/6 + 2*m**3 - 117*m**2 + 3*m. Determine t(w).
0
Let r be (20/8)/((-2)/4). Let z(s) = -8170*s + 1 + 5*s**2 + s**3 + 11 - 1 + 24501*s - 8168*s - 8162*s. Calculate z(r).
6
Let w be (-15)/(-9) - 65/39. Suppose w = -3*u - 3*k - 6, -4*u - 2*k = -8*u - 2. Let a(i) = -4*i + 0*i - 8*i. What is a(u)?
12
Let o(f) = -10*f**2 + 1. Let u(g) = -g**3 - 41*g**2 + 35*g - 102. Let c be u(-42). Let i = c - 191. Calculate o(i).
-9
Let y(i) = 2*i**3 + 8*i**2 - 20*i - 5. Let k(w) = -5*w**3 - 22*w**2 + 56*w + 15. Let c(v) = -4*k(v) - 11*y(v). Determine c(-2).
19
Let g(v) be the second derivative of v**3 + 59*v**2/2 + 1073*v + 3. Give g(0).
59
Let z(b) = 18*b - 1. Let d(l) = 2*l. Let n be 9/15 - (-5 + (-3)/(-5)). Let a(o) = n*d(o) - z(o). Determine a(1).
-7
Suppose -5*n - 64 = -9. Let k(v) = -2*v - 23. Let p(b) = b + 12. Let a(f) = -4*k(f) - 9*p(f). Calculate a(n).
-5
Let x(y) be the second derivative of -y**4/12 - y**3 + 7*y**2 - 43*y - 85. What is x(-6)?
14
Suppose 2*o + o = 6, 2*o - 3192 = -4*i. Let j = -799 + i. Let f(y) = y**2 + y + 1. Calculate f(j).
3
Let z(o) = 27011*o**2 + 5*o + 6 - 9*o - 27012*o**2. What is z(-5)?
1
Let l(d) = -9*d**2 - 3*d - 5. Suppose -11*f = 24*f + 105. What is l(f)?
-77
Let t(y) = 77854 + 77853 + y**2 - 155706 + 0*y - 2*y + 14*y**3. Suppose 2*c = -c - 5*g + 18, -g = -4*c + 1. Determine t(c).
14
Let z(o) = o**3 - 8*o**2 + 7*o + 8. Let q be ((-126)/45*5)/(-2). What is z(q)?
8
Let u(h) be the second derivative of 25*h - 1/4*h**4 + 0 - 5/6*h**3 - 1/30*h**5 + 5*h**2. Let o(i) be the first derivative of u(i). Calculate o(-4).
-13
Let q(a) be the third derivative of 1/2*a**3 + 0 + 12*a**2 - 1/24*a**4 + 1/60*a**5 + 0*a. What is q(4)?
15
Let u(s) = -440 + 58 - 7*s + 32*s + 230. What is u(6)?
-2
Let p(x) = 107*x - 236*x - 29*x**2 + 27*x**2 + 120*x - 1. Determine p(-5).
-6
Let o(t) = 8*t + 628. Let m(b) = b + 114. Let v(g) = 28*m(g) - 5*o(g). Determine v(4).
4
Suppose 5*o - 2*r = r - 12, -r = 2*o + 7. Let w(l) = l**3 + 3*l**2 - 17*l - 54. Give w(o).
-3
Let b(o) = 12*o - 298. Suppose -5*j = w - 118, -11*w = 7*j - 7*w - 147. What is b(j)?
2
Let c = 36 - 17. Suppose 3*s - 2*v - 7 - c = 0, 0 = -2*s - 3*v. Let u(n) = 2 - 4*n + 4 - s - 7 + n**3 - 7*n**2. Calculate u(8).
25
Let c(d) = -8*d - 3. Suppose 9*u - 213 = -51. Let j(z) = -z - 2*z - 19 + u. Let y(v) = -4*c(v) + 11*j(v). Calculate y(-3).
4
Suppose -8 = -j - 6, -j = 3*a + 61. Let s(t) = t**2 + 20*t - 25. Determine s(a).
-4
Let r(g) be the first derivative of g**3/3 - 11*g**2 - 67*g - 2941. Calculate r(23).
-44
Let d(n) = -n**3 - n**2 - 6*n + 2. Let b(q) = -3*q**2 + 6*q - 10. Let o(m) = -b(m) - 2*d(m). What is o(-3)?
-21
Let q(h) = 2 - 3 - 739*h + 0 + 736*h. Calculate q(3).
-10
Let b(a) be the third derivative of 1/60*a**5 + 0 - 5/12*a**4 - 1/3*a**3 + 49*a**2 + 0*a. What is b(10)?
-2
Let c(n) = n**3 + 3*n**2 - 2*n - 4. Let w(g) be the first derivative of -g**4/4 + g**3/3 - 8. Let b(r) = c(r) + 2*w(r). Determine b(3).
8
Let s(u) = 3*u**3 - u**2 - u + 2. Let y(d) = 2*d**3 + 25*d**2 - 2*d + 21. Let o(j) = -s(j) + y(j). Calculate o(26).
-7
Suppose 0 = 3*n + 4*l + 8, 6*n + 60 = 3*l - 0*l. Let h(g) = 3*g + 38. Calculate h(n).
14
Let h(f) = -9*f**3 - f**2 + 2*f - 1. Suppose 0*c + 4*c - 3*b + 260 = 0, 4*c + 260 = -b. Let p = -49 - c. Suppose 7*z = -9 + p. Calculate h(z).
-9
Suppose -5*d - 4 = -3*d. Let m be 27/6 - 1/d. Let p(q) = -189*q**2 - 7 + 14*q**3 + 196*q**2 + 22*q**3 - 51*q**3 + 14*q**3 - 6*q. Calculate p(m).
13
Let u(o) = 7*o**3 + 39 - 6*o + 19*o + 4*o**3 - 7*o**2 - 12*o**3. What is u(-8)?
-1
Let w(i) = 50*i - 2641. Let j be w(53). Let s(n) = -4*n + 33. Determine s(j).
-3
Let w(p) = -3*p**2 - 101*p - 852. Let h be w(-19). Let z(x) = -8*x - 7. Determine z(h).
121
Let w(k) = 15*k**2 + 4*k + 14. Let m(z) = -8*z - 39 + 288*z**2 - 316*z**2 + 13. Let s(p) = 6*m(p) + 11*w(p). Give s(-2).
-6
Let i(c) = c**2 - 7*c - 23. Let v(d) = -d**2 + 6*d + 22. Let h(r) = 2*i(r) + 3*v(r). Let u(y) = -y**2 + 446*y - 8513. Let n be u(20). Calculate h(n).
-1
Suppose -258 = -2*b - 254. Let d(x) = 7*x**2 - 28*x**b + 2*x + 8*x**2 + 1 + 11*x**2. Let t be 4/(-14) + 40/(-56). What is d(t)?
-3
Let x(v) be the first derivative of v**3/3 - 4*v**2 + 7*v - 3928. Suppose 5*d = -5*r + 45, -5*r + 8 = 2*d - 31. Calculate x(r).
0
Let l(b) = 52*b - 214. Let p = -27676 + 27680. What is l(p)?
-6
Let x(c) = 609*c - 2447. Let l be x(4). Let r(q) = -q**2 - 13*q - 29. What is r(l)?
-7
Let z(y) = -10*y - 31 - 8*y + 20*y. Let g be 10 - 3/(-5*(-3)/(-15)). Calculate z(g).
-5
Let i(j) = 7 + 3*j + 2 - 16 + 9. What is i(4)?
14
Let p(j) = -8*j - 3 + 3*j + 2*j - 2*j**2 - 1. Calculate p(-2).
-6
Let z(p) = 8. Let v(q) = 2*q + 1. Let r(c) = 6*v(c) + z(c). Determine r(-14).
-154
Let s(z) = z**2 + 5*z + 2. Suppose 0*v + 342 = 6*v. Let f = v + -60. Determine s(f).
-4
Let n(o) = 12*o + 68. Let q(g) = -7*g**2 - 32*g - 39. Let r be q(-3). Calculate n(r).
-4
Let s(c) be the first derivative of c**3/3 + 7*c**2/2 + 2*c - 45. Suppose -4*j = -0*j - 2*u - 12, 4*j - 4 = -2*u. Let a be (3 - 10) + 0/(-1*j). Determine s(a).
2
Suppose -5*t - 16 + 61 = 0. Let r(y) = 3*y - 29. Le